{"version":"1.0","provider_name":"Cocemfe Valencia","provider_url":"https:\/\/cocemfevalencia.org\/es\/","author_name":"COCEMFE VALENCIA","author_url":"https:\/\/cocemfevalencia.org\/es\/author\/ruben\/","title":"COCEMFE Val\u00e8ncia visita UVocupaci\u00f3 - Cocemfe Valencia","type":"rich","width":600,"height":338,"html":"<blockquote class=\"wp-embedded-content\" data-secret=\"PMGEy1hYod\"><a href=\"https:\/\/cocemfevalencia.org\/es\/cocemfe-valencia-visita-uvocupacio\/\">COCEMFE Val\u00e8ncia visita UVocupaci\u00f3<\/a><\/blockquote><iframe sandbox=\"allow-scripts\" security=\"restricted\" src=\"https:\/\/cocemfevalencia.org\/es\/cocemfe-valencia-visita-uvocupacio\/embed\/#?secret=PMGEy1hYod\" width=\"600\" height=\"338\" title=\"\u00abCOCEMFE Val\u00e8ncia visita UVocupaci\u00f3\u00bb \u2014 Cocemfe Valencia\" data-secret=\"PMGEy1hYod\" frameborder=\"0\" marginwidth=\"0\" marginheight=\"0\" scrolling=\"no\" class=\"wp-embedded-content\"><\/iframe><script>\n\/*! This file is auto-generated *\/\n!function(d,l){\"use strict\";l.querySelector&&d.addEventListener&&\"undefined\"!=typeof URL&&(d.wp=d.wp||{},d.wp.receiveEmbedMessage||(d.wp.receiveEmbedMessage=function(e){var t=e.data;if((t||t.secret||t.message||t.value)&&!\/[^a-zA-Z0-9]\/.test(t.secret)){for(var s,r,n,a=l.querySelectorAll('iframe[data-secret=\"'+t.secret+'\"]'),o=l.querySelectorAll('blockquote[data-secret=\"'+t.secret+'\"]'),c=new RegExp(\"^https?:$\",\"i\"),i=0;i<o.length;i++)o[i].style.display=\"none\";for(i=0;i<a.length;i++)s=a[i],e.source===s.contentWindow&&(s.removeAttribute(\"style\"),\"height\"===t.message?(1e3<(r=parseInt(t.value,10))?r=1e3:~~r<200&&(r=200),s.height=r):\"link\"===t.message&&(r=new URL(s.getAttribute(\"src\")),n=new URL(t.value),c.test(n.protocol))&&n.host===r.host&&l.activeElement===s&&(d.top.location.href=t.value))}},d.addEventListener(\"message\",d.wp.receiveEmbedMessage,!1),l.addEventListener(\"DOMContentLoaded\",function(){for(var e,t,s=l.querySelectorAll(\"iframe.wp-embedded-content\"),r=0;r<s.length;r++)(t=(e=s[r]).getAttribute(\"data-secret\"))||(t=Math.random().toString(36).substring(2,12),e.src+=\"#?secret=\"+t,e.setAttribute(\"data-secret\",t)),e.contentWindow.postMessage({message:\"ready\",secret:t},\"*\")},!1)))}(window,document);\n\/\/# sourceURL=https:\/\/cocemfevalencia.org\/wp-includes\/js\/wp-embed.min.js\n<\/script>\n","thumbnail_url":"https:\/\/cocemfevalencia.org\/wp-content\/uploads\/2019\/11\/78343774_2596290453822782_4254451731330498560_n.jpg","thumbnail_width":960,"thumbnail_height":553,"description":"Aquesta setmana ens hem reunit amb UVocupaci\u00f3, el\u00a0servei de la Universitat de Val\u00e8ncia que t\u00e9 com a objectiu ajudar en la inserci\u00f3 laboral a tots els estudiants i titulats de la UV i millorar les seues possibilitats professionals. L&#8217;objectiu de la reuni\u00f3 ha sigut establir punts en com\u00fa per a que les dos entitats col\u00b7laborem&hellip;&nbsp;Leer m\u00e1s &raquo;"}

COCEMFE València visita UVocupació - Cocemfe Valencia

<blockquote class="wp-embedded-content" data-secret="PMGEy1hYod"><a href="https://cocemfevalencia.org/es/cocemfe-valencia-visita-uvocupacio/">COCEMFE València visita UVocupació</a></blockquote><iframe sandbox="allow-scripts" security="restricted" src="https://cocemfevalencia.org/es/cocemfe-valencia-visita-uvocupacio/embed/#?secret=PMGEy1hYod" width="600" height="338" title="«COCEMFE València visita UVocupació» — Cocemfe Valencia" data-secret="PMGEy1hYod" frameborder="0" marginwidth="0" marginheight="0" scrolling="no" class="wp-embedded-content"></iframe><script>
/*! This file is auto-generated */
!function(d,l){"use strict";l.querySelector&&d.addEventListener&&"undefined"!=typeof URL&&(d.wp=d.wp||{},d.wp.receiveEmbedMessage||(d.wp.receiveEmbedMessage=function(e){var t=e.data;if((t||t.secret||t.message||t.value)&&!/[^a-zA-Z0-9]/.test(t.secret)){for(var s,r,n,a=l.querySelectorAll('iframe[data-secret="'+t.secret+'"]'),o=l.querySelectorAll('blockquote[data-secret="'+t.secret+'"]'),c=new RegExp("^https?:$","i"),i=0;i<o.length;i++)o[i].style.display="none";for(i=0;i<a.length;i++)s=a[i],e.source===s.contentWindow&&(s.removeAttribute("style"),"height"===t.message?(1e3<(r=parseInt(t.value,10))?r=1e3:~~r<200&&(r=200),s.height=r):"link"===t.message&&(r=new URL(s.getAttribute("src")),n=new URL(t.value),c.test(n.protocol))&&n.host===r.host&&l.activeElement===s&&(d.top.location.href=t.value))}},d.addEventListener("message",d.wp.receiveEmbedMessage,!1),l.addEventListener("DOMContentLoaded",function(){for(var e,t,s=l.querySelectorAll("iframe.wp-embedded-content"),r=0;r<s.length;r++)(t=(e=s[r]).getAttribute("data-secret"))||(t=Math.random().toString(36).substring(2,12),e.src+="#?secret="+t,e.setAttribute("data-secret",t)),e.contentWindow.postMessage({message:"ready",secret:t},"*")},!1)))}(window,document);
//# sourceURL=https://cocemfevalencia.org/wp-includes/js/wp-embed.min.js
</script>

Aquesta setmana ens hem reunit amb UVocupació, el servei de la Universitat de València que té com a objectiu ajudar en la inserció laboral a tots els estudiants i titulats de la UV i millorar les seues possibilitats professionals. L&#8217;objectiu de la reunió ha sigut establir punts en comú per a que les dos entitats col·laborem&hellip;&nbsp;Leer más &raquo;
